{"id":2385,"date":"2020-06-30T14:17:09","date_gmt":"2020-06-30T12:17:09","guid":{"rendered":"http:\/\/arufog.org\/?page_id=2385"},"modified":"2026-02-26T11:41:27","modified_gmt":"2026-02-26T10:41:27","slug":"commission-fiber-optic-measurement-sensing-foms","status":"publish","type":"page","link":"https:\/\/arufog.org\/index.php\/commission-fiber-optic-measurement-sensing-foms\/","title":{"rendered":"FOM&#038;S"},"content":{"rendered":"<p>[et_pb_section fb_built=\u00a0\u00bb1&Prime; _builder_version=\u00a0\u00bb3.26.4&Prime; max_width=\u00a0\u00bb100%\u00a0\u00bb custom_margin=\u00a0\u00bb|0px||0px|false|false\u00a0\u00bb custom_padding=\u00a0\u00bb|0px||0px|false|false\u00a0\u00bb][et_pb_row _builder_version=\u00a0\u00bb3.26.4&Prime; width=\u00a0\u00bb79.6%\u00a0\u00bb custom_margin=\u00a0\u00bb|auto||725px||\u00a0\u00bb][et_pb_column type=\u00a0\u00bb4_4&Prime; _builder_version=\u00a0\u00bb3.26.4&Prime;][et_pb_image src=\u00a0\u00bbhttp:\/\/arufog.org\/wp-content\/uploads\/2026\/02\/GO2S2026withsponsors-1-scaled.jpg\u00a0\u00bb url=\u00a0\u00bbhttps:\/\/go2s2026.sciencesconf.org\u00a0\u00bb _builder_version=\u00a0\u00bb3.26.4&Prime;][\/et_pb_image][et_pb_text _builder_version=\u00a0\u00bb3.26.4&Prime;]<\/p>\n<p>&nbsp;<\/p>\n<h1 style=\"font-weight: 400;\"><strong>Symposium GO2S\u00ae\ufe0f &#8211; LYON, les lundi 9 &amp; mardi 10 mars 2026<\/strong><\/h1>\n<h2 style=\"font-weight: 400;\"><strong>Des conf\u00e9rences associ\u00e9es \u00e0 des d\u00e9monstrations : l\u2019\u00e9quilibre parfait entre recherche et industrie<\/strong><\/h2>\n<p style=\"font-weight: 400;\">\n<p style=\"font-weight: 400;\">Le symposium GO2S\u00ae (Guided Optics &amp; Sensor Systems)\u00a0rassemble tous les deux ans les sommit\u00e9s et acteurs majeurs de la fibre optique, utilis\u00e9e comme capteur et r\u00e9seaux de capteur.<\/p>\n<p style=\"font-weight: 400;\">Apr\u00e8s le succ\u00e8s des \u00e9ditions de\u00a0Paris (2019), Lyon (2020), Bordeaux (2022)\u00a0et\u00a0Lyon (2024), l\u2019\u00e9dition\u00a02026\u00a0se tiendra \u00e0 nouveau \u00e0\u00a0Lyon, \u00e0\u00a0l\u2019H\u00f4tel de la R\u00e9gion, et sera co-organis\u00e9e par le\u00a0Laboratoire Hubert Curien\u00a0et l\u2019association ARUFOG.<\/p>\n<p style=\"font-weight: 400;\">\n<p style=\"font-weight: 400;\">Les synergies technologiques entre la\u00a0transmission de donn\u00e9es t\u00e9l\u00e9coms\u00a0et les\u00a0syst\u00e8mes de capteurs\u00a0sont \u00e0 l\u2019origine de l\u2019initiative\u00a0GO2S\u00ae, dont la vocation est de les mettre en lumi\u00e8re.<\/p>\n<p style=\"font-weight: 400;\">\n<p style=\"font-weight: 400;\">Car les\u00a0c\u00e2bles \u00e0 fibres optiques\u00a0d\u00e9ploy\u00e9s \u00e0 travers les villes, les r\u00e9gions, les pays, et m\u00eame sous les oc\u00e9ans, attirent une attention croissante et suscitent pl\u00e9thore d\u2019applications. Utilis\u00e9s comme\u00a0capteurs distribu\u00e9s, ils peuvent par exemple d\u00e9tecter les s\u00e9ismes\u00a0ou\u00a0am\u00e9liorer la s\u00e9curit\u00e9 des r\u00e9seaux.<\/p>\n<p style=\"font-weight: 400;\">\n<p style=\"font-weight: 400;\">Les conf\u00e9rences GO2S\u00ae\u00a0sont une occasion privil\u00e9gi\u00e9e pour les participants fran\u00e7ais et internationaux d\u2019\u00e9changer entre\u00a0laboratoires,\u00a0fournisseurs de technologies et syst\u00e8mes \u00e0 fibres optiques et\u00a0utilisateurs actuels ou potentiels.<\/p>\n<p style=\"font-weight: 400;\">\n<p style=\"font-weight: 400;\">Quant \u00e0 l\u2019exposition de mat\u00e9riel et les d\u00e9monstrations, elles permettent de d\u00e9couvrir concr\u00e8tement les avanc\u00e9es actuelles et les innovations en cours.<\/p>\n<p style=\"font-weight: 400;\">\n<p style=\"font-weight: 400;\">Cette \u00e9dition 2026 r\u00e9unira\u00a0\u00e0 nouveau dirigeants, d\u00e9cideurs et scientifiques\u00a0pour discuter ensemble et explorer autour de ces\u00a0usages, qu\u2019ils \u00e9mergent ou se confirment.<\/p>\n<p style=\"font-weight: 400;\">\n<p style=\"font-weight: 400;\">\n<p style=\"font-weight: 400;\"><strong><u>Th\u00e9matiques scientifiques (pr\u00e9liminaires) \u2013 GO2S\u00ae\ufe0f 2026<\/u><\/strong><\/p>\n<p style=\"font-weight: 400;\">Les contributions originales, exp\u00e9rimentales ou th\u00e9oriques, sont sollicit\u00e9es dans les domaines suivants :<\/p>\n<p style=\"font-weight: 400;\">\n<ol>\n<li><strong>Int\u00e9gration de la d\u00e9tection par fibre optique dans les infrastructures t\u00e9l\u00e9coms<\/strong><br \/>Exploration des r\u00e9seaux t\u00e9l\u00e9coms existants et futurs en tant que plateformes de d\u00e9tection distribu\u00e9e, am\u00e9liorant la r\u00e9silience du r\u00e9seau et la surveillance environnementale.<\/li>\n<li><strong>Traitement et gestion des donn\u00e9es issues de la d\u00e9tection par fibre optique<\/strong><br \/>M\u00e9thodologies avanc\u00e9es pour la gestion de grands volumes de donn\u00e9es, extraction efficace d\u2019informations, visualisation et analyse.<\/li>\n<li><strong>D\u00e9tection par fibre optique dans les transports et environnements extr\u00eames<\/strong><br \/>Utilisation dans des conditions de mobilit\u00e9 et environnements s\u00e9v\u00e8res : robustesse, surveillance en temps r\u00e9el, adaptation aux contraintes physiques et environnementales.<\/li>\n<li><strong>Potentiel \u00e9conomique de la surveillance par fibre optique<\/strong><br \/>Transformation des r\u00e9seaux optiques en plateformes de d\u00e9tection, identification de nouveaux mod\u00e8les \u00e9conomiques, applications intelligentes et valeur des donn\u00e9es en temps r\u00e9el.<\/li>\n<li><strong>Fibres et c\u00e2bles innovants pour la d\u00e9tection<\/strong><br \/>Pr\u00e9sentation des avanc\u00e9es sur les fibres multi-c\u0153urs, \u00e0 c\u0153ur creux ou \u00e0 modes limit\u00e9s, am\u00e9liorant la sensibilit\u00e9, la r\u00e9solution et le multiplexage.<\/li>\n<li><strong>Avanc\u00e9es dans les syst\u00e8mes de d\u00e9tection \u00e0 fibre optique<br \/><\/strong>Innovations dans les lasers, d\u00e9tecteurs, instruments et syst\u00e8mes am\u00e9liorant les performances et la polyvalence des dispositifs de d\u00e9tection.<\/li>\n<li><strong>Applications de la d\u00e9tection par fibre optique dans la sant\u00e9, l\u2019\u00e9nergie et l\u2019industrie<\/strong><br \/>Exemples d\u2019utilisation des capteurs \u00e0 fibre optique pour la surveillance m\u00e9dicale, la gestion \u00e9nerg\u00e9tique, le diagnostic et l\u2019automatisation industrielle &#8211; contribuant \u00e0 la s\u00e9curit\u00e9 et \u00e0 l\u2019efficacit\u00e9.<\/li>\n<\/ol>\n<p style=\"font-weight: 400;\">\n<p style=\"font-weight: 400;\"><strong>GO2S\u00ae\ufe0f 2026 &#8211; Fiber with a sixth sense \/ La fibre dot\u00e9e d\u2019un sixi\u00e8me sens<\/strong><\/p>\n<p style=\"font-weight: 400;\"><strong>Infos pratiques<\/strong><\/p>\n<p style=\"font-weight: 400;\">\ud83d\udcc5\u00a0Dates :\u00a0Lundi 9 et mardi 10 mars 2026<br \/>\ud83d\udccd\u00a0Lieu :\u00a0H\u00f4tel de la R\u00e9gion &#8211; Lyon<\/p>\n<p style=\"font-weight: 400;\">Consultez le programme et soumettez vos propositions de pr\u00e9sentation sur le site :<br \/>\ud83d\udc49\u00a0<a href=\"https:\/\/go2s2026.sciencesconf.org\/\">https:\/\/go2s2026.sciencesconf.org<\/a><\/p>\n<p style=\"font-weight: 400;\">Pour l\u2019inscription et le paiement, merci d\u2019utiliser le site HelloAsso :<br \/>\ud83d\udc49\u00a0<a href=\"https:\/\/www.helloasso.com\/associations\/a-r-u-f-o-g\/evenements\/go2s-2026-4-et-5-fevrier-2026\">HelloAsso \u2013 GO2S 2026<\/a><\/p>\n<p style=\"font-weight: 400;\">En cas de difficult\u00e9 ou de question, n\u2019h\u00e9sitez pas \u00e0 nous contacter via\u00a0:<br \/>\ud83d\udce7\u00a0<a href=\"mailto:secretariat.arufog@arufog.org\">secretariat.arufog@arufog.org<\/a><\/p>\n<p>&nbsp;<\/p>\n<p>[\/et_pb_text][\/et_pb_column][\/et_pb_row][et_pb_row column_structure=\u00a0\u00bb1_2,1_2&Prime; _builder_version=\u00a0\u00bb3.26.4&Prime;][et_pb_column type=\u00a0\u00bb1_2&Prime; _builder_version=\u00a0\u00bb3.26.4&Prime;][et_pb_button button_url=\u00a0\u00bbhttps:\/\/go2s2026.sciencesconf.org\u00a0\u00bb button_text=\u00a0\u00bbMORE INFO\u00a0\u00bb button_alignment=\u00a0\u00bbright\u00a0\u00bb _builder_version=\u00a0\u00bb3.26.4&Prime;][\/et_pb_button][\/et_pb_column][et_pb_column type=\u00a0\u00bb1_2&Prime; _builder_version=\u00a0\u00bb3.26.4&Prime;][\/et_pb_column][\/et_pb_row][\/et_pb_section]<\/p>\n","protected":false},"excerpt":{"rendered":"<p>[et_pb_section fb_built=\u00a0\u00bb1&Prime; _builder_version=\u00a0\u00bb3.26.4&Prime; max_width=\u00a0\u00bb100%\u00a0\u00bb custom_margin=\u00a0\u00bb|0px||0px|false|false\u00a0\u00bb custom_padding=\u00a0\u00bb|0px||0px|false|false\u00a0\u00bb][et_pb_row _builder_version=\u00a0\u00bb3.26.4&Prime; width=\u00a0\u00bb79.6%\u00a0\u00bb custom_margin=\u00a0\u00bb|auto||725px||\u00a0\u00bb][et_pb_column type=\u00a0\u00bb4_4&Prime; _builder_version=\u00a0\u00bb3.26.4&Prime;][et_pb_image src=\u00a0\u00bbhttp:\/\/arufog.org\/wp-content\/uploads\/2026\/02\/GO2S2026withsponsors-1-scaled.jpg\u00a0\u00bb url=\u00a0\u00bbhttps:\/\/go2s2026.sciencesconf.org\u00a0\u00bb _builder_version=\u00a0\u00bb3.26.4&Prime;][\/et_pb_image][et_pb_text _builder_version=\u00a0\u00bb3.26.4&Prime;] &nbsp; Symposium GO2S\u00ae\ufe0f &#8211; LYON, les lundi 9 &amp; mardi 10 mars 2026 Des conf\u00e9rences associ\u00e9es \u00e0 des d\u00e9monstrations : l\u2019\u00e9quilibre parfait entre recherche et industrie Le symposium GO2S\u00ae (Guided Optics &amp; Sensor Systems)\u00a0rassemble tous les deux ans les sommit\u00e9s [&hellip;]<\/p>\n","protected":false},"author":1,"featured_media":0,"parent":0,"menu_order":0,"comment_status":"closed","ping_status":"closed","template":"","meta":{"_et_pb_use_builder":"on","_et_pb_old_content":"","footnotes":""},"class_list":["post-2385","page","type-page","status-publish","hentry"],"_links":{"self":[{"href":"https:\/\/arufog.org\/index.php\/wp-json\/wp\/v2\/pages\/2385","targetHints":{"allow":["GET"]}}],"collection":[{"href":"https:\/\/arufog.org\/index.php\/wp-json\/wp\/v2\/pages"}],"about":[{"href":"https:\/\/arufog.org\/index.php\/wp-json\/wp\/v2\/types\/page"}],"author":[{"embeddable":true,"href":"https:\/\/arufog.org\/index.php\/wp-json\/wp\/v2\/users\/1"}],"replies":[{"embeddable":true,"href":"https:\/\/arufog.org\/index.php\/wp-json\/wp\/v2\/comments?post=2385"}],"version-history":[{"count":13,"href":"https:\/\/arufog.org\/index.php\/wp-json\/wp\/v2\/pages\/2385\/revisions"}],"predecessor-version":[{"id":2659,"href":"https:\/\/arufog.org\/index.php\/wp-json\/wp\/v2\/pages\/2385\/revisions\/2659"}],"wp:attachment":[{"href":"https:\/\/arufog.org\/index.php\/wp-json\/wp\/v2\/media?parent=2385"}],"curies":[{"name":"wp","href":"https:\/\/api.w.org\/{rel}","templated":true}]}}