{"id":38,"date":"2017-07-31T10:33:54","date_gmt":"2017-07-31T08:33:54","guid":{"rendered":"http:\/\/arufog.org\/?page_id=38"},"modified":"2018-04-25T09:43:25","modified_gmt":"2018-04-25T07:43:25","slug":"presentation","status":"publish","type":"page","link":"https:\/\/arufog.org\/index.php\/presentation\/","title":{"rendered":"Pr\u00e9sentation"},"content":{"rendered":"<p>[et_pb_section fullwidth=\u00a0\u00bbon\u00a0\u00bb specialty=\u00a0\u00bboff\u00a0\u00bb admin_label=\u00a0\u00bbSection\u00a0\u00bb][et_pb_fullwidth_header admin_label=\u00a0\u00bbEn-t\u00eate plein \u00e9cran\u00a0\u00bb title=\u00a0\u00bbPr\u00e9sentation\u00a0\u00bb background_layout=\u00a0\u00bblight\u00a0\u00bb text_orientation=\u00a0\u00bbleft\u00a0\u00bb header_fullscreen=\u00a0\u00bboff\u00a0\u00bb header_scroll_down=\u00a0\u00bboff\u00a0\u00bb parallax=\u00a0\u00bboff\u00a0\u00bb parallax_method=\u00a0\u00bboff\u00a0\u00bb content_orientation=\u00a0\u00bbcenter\u00a0\u00bb image_orientation=\u00a0\u00bbcenter\u00a0\u00bb custom_button_one=\u00a0\u00bboff\u00a0\u00bb button_one_letter_spacing=\u00a0\u00bb0&Prime; button_one_use_icon=\u00a0\u00bbdefault\u00a0\u00bb button_one_icon_placement=\u00a0\u00bbright\u00a0\u00bb button_one_on_hover=\u00a0\u00bbon\u00a0\u00bb button_one_letter_spacing_hover=\u00a0\u00bb0&Prime; custom_button_two=\u00a0\u00bboff\u00a0\u00bb button_two_letter_spacing=\u00a0\u00bb0&Prime; button_two_use_icon=\u00a0\u00bbdefault\u00a0\u00bb button_two_icon_placement=\u00a0\u00bbright\u00a0\u00bb button_two_on_hover=\u00a0\u00bbon\u00a0\u00bb button_two_letter_spacing_hover=\u00a0\u00bb0&Prime;]<\/p>\n<p>Pr\u00e9sentation ARUFOG<br \/>\nL\u2019ARUFOG, association loi 1901, \u0153uvre depuis 1986 dans le domaine de l\u2019optique guid\u00e9e et des fibres optiques (t\u00e9l\u00e9communications, tr\u00e8s haut d\u00e9bit et applications). L\u2019ARUFOG regroupe l&rsquo;expertise d\u2019entreprises, de laboratoires de recherche et d\u2019\u00e9tablissements d\u2019enseignement afin d\u2019initier l\u2019\u00e9mergence de nouvelles applications de la fibre optique. Ses initiatives s\u2019inscrivent parfaitement dans le th\u00e8me photonique des technologies cl\u00e9s g\u00e9n\u00e9riques (KET) du programme H2020.<\/p>\n<p>Ses missions sont :<\/p>\n<p>Informer, sensibiliser, expliquer\u00a0: Diffusion\u00a0en\u00a0interne aux adh\u00e9rents et externe\u00a0aupr\u00e8s\u00a0des \u00e9lus et collectivit\u00e9s, en s\u2019int\u00e9ressant avant tout \u00e0 la technologie fibre optique,\u00a0\u00e0 sa place essentielle dans\u00a0les enjeux du num\u00e9rique, mais aussi aux\u00a0technologies photoniques associ\u00e9es \u00e0 l\u2019optique guid\u00e9e.<\/p>\n<p>Communiquer, Mettre en relations \u2013 D\u00e9velopper un lieu de convergence des acteurs du ou des domaines concern\u00e9s\u00a0: Favoriser par des contacts r\u00e9guliers, les relations \u00e0 caract\u00e8re technique et scientifique entre les laboratoires et industriels adh\u00e9rents &#8211; Organiser des Journ\u00e9es d\u2019\u00e9tudes telles que les journ\u00e9es GO2S, journ\u00e9es th\u00e9matiques aff\u00e9rentes aux domaines de nos adh\u00e9rents &#8211; Lettres d\u2019informations &#8211; Veilles technologiques\u2026.<\/p>\n<p>Innover : Promouvoir et accompagner l\u2019apparition d\u2019applications issues des technologies \u00e9mergentes autour de la fibre optique\u00a0&#8211; Initier et coordonner des programmes de R&amp;D entre industriels et laboratoires afin de concevoir des d\u00e9monstrateurs et preuves de concepts innovants. Le projet GO2S sur les capteurs s&rsquo;inscrit dans cette mission fondatrice de l&rsquo;ARUFOG.<\/p>\n<p>Soutien et expertise technique \u2013 Accompagnement de l\u2019essor de ces nouvelles applications\u00a0: Assurer un premier niveau d\u2019expertise \u00e0 contenu scientifique &#8211; Aide aux entreprises. Mise en relation avec les laboratoires de recherche&#8230;<\/p>\n<p>Former, d\u00e9montrer\u00a0: Formations continues sur catalogue ou modules de formation sp\u00e9cifiques en entreprise, en t\u00e9l\u00e9communications optiques, en r\u00e9seaux\u00a0: de la conception \u00e0 l\u2019exploitation des r\u00e9seaux fibres optiques (FTTH), en mesure\u00a0: OTDR\/PMD, des r\u00e9seaux de capteurs aux capteurs optiques dans les environnements s\u00e9v\u00e8res\u2026<\/p>\n<p>&nbsp;<\/p>\n<p>de 1986 \u00e0 2016\u2026 Et pour le futur, par nature \u00e0 l&rsquo;interface recherche \/ industrie<\/p>\n<p>&nbsp;<\/p>\n<p>Conseil d\u2019administration de l\u2019ARUFOG<br \/>\nPr\u00e9sident<\/p>\n<p>Fran\u00e7ois-Antoine LERICHE<\/p>\n<p>AXIANS<\/p>\n<p>Pr\u00e9sidente Sortante<\/p>\n<p>Anne-Marie JURDYC<\/p>\n<p>Institut Lumi\u00e8re Mati\u00e8re<\/p>\n<p>Pr\u00e9sidents Honoraires<\/p>\n<p>Andr\u00e9 CHAMPAVERE<\/p>\n<p>VIAVI Solutions<\/p>\n<p>Gilles BILLET<\/p>\n<p>IFOTEC<\/p>\n<p>Jean-Pierre GOURE<\/p>\n<p>Professeur \u00e9m\u00e9rite, fondateur<\/p>\n<p>Vice-pr\u00e9sidents<\/p>\n<p>Bernard LAMBILOTTE<\/p>\n<p>AXIONE<\/p>\n<p>Emmanuel MARIN<\/p>\n<p>Laboratoire Hubert Curien<\/p>\n<p>Dominique WATEL<\/p>\n<p>CREDO<\/p>\n<p>Tr\u00e9sorier<\/p>\n<p>Daniel BROUTIN<\/p>\n<p>Scopelec<\/p>\n<p>Secr\u00e9taire<\/p>\n<p>Bernard LAGET<\/p>\n<p>SIEL<\/p>\n<p>Membres<\/p>\n<p>Pierre CHAVEL<\/p>\n<p>Institut d&rsquo;optique<\/p>\n<p>Marc DEMURGER<\/p>\n<p>Light Guide Solutions<\/p>\n<p>Denis GENON-CATALOT<\/p>\n<p>LCIS<\/p>\n<p>Xavier LAFAY<\/p>\n<p>HUBER+SUHNER<\/p>\n<p>Victor LICCHESI<\/p>\n<p>Radiall<\/p>\n<p>[\/et_pb_fullwidth_header][\/et_pb_section]<\/p>\n","protected":false},"excerpt":{"rendered":"<p>[et_pb_section fullwidth=\u00a0\u00bbon\u00a0\u00bb specialty=\u00a0\u00bboff\u00a0\u00bb admin_label=\u00a0\u00bbSection\u00a0\u00bb][et_pb_fullwidth_header admin_label=\u00a0\u00bbEn-t\u00eate plein \u00e9cran\u00a0\u00bb title=\u00a0\u00bbPr\u00e9sentation\u00a0\u00bb background_layout=\u00a0\u00bblight\u00a0\u00bb text_orientation=\u00a0\u00bbleft\u00a0\u00bb header_fullscreen=\u00a0\u00bboff\u00a0\u00bb header_scroll_down=\u00a0\u00bboff\u00a0\u00bb parallax=\u00a0\u00bboff\u00a0\u00bb parallax_method=\u00a0\u00bboff\u00a0\u00bb content_orientation=\u00a0\u00bbcenter\u00a0\u00bb image_orientation=\u00a0\u00bbcenter\u00a0\u00bb custom_button_one=\u00a0\u00bboff\u00a0\u00bb button_one_letter_spacing=\u00a0\u00bb0&Prime; button_one_use_icon=\u00a0\u00bbdefault\u00a0\u00bb button_one_icon_placement=\u00a0\u00bbright\u00a0\u00bb button_one_on_hover=\u00a0\u00bbon\u00a0\u00bb button_one_letter_spacing_hover=\u00a0\u00bb0&Prime; custom_button_two=\u00a0\u00bboff\u00a0\u00bb button_two_letter_spacing=\u00a0\u00bb0&Prime; button_two_use_icon=\u00a0\u00bbdefault\u00a0\u00bb button_two_icon_placement=\u00a0\u00bbright\u00a0\u00bb button_two_on_hover=\u00a0\u00bbon\u00a0\u00bb button_two_letter_spacing_hover=\u00a0\u00bb0&Prime;] Pr\u00e9sentation ARUFOG L\u2019ARUFOG, association loi 1901, \u0153uvre depuis 1986 dans le domaine de l\u2019optique guid\u00e9e et des fibres optiques (t\u00e9l\u00e9communications, tr\u00e8s haut d\u00e9bit et applications). L\u2019ARUFOG regroupe [&hellip;]<\/p>\n","protected":false},"author":1,"featured_media":0,"parent":0,"menu_order":0,"comment_status":"closed","ping_status":"closed","template":"","meta":{"_et_pb_use_builder":"on","_et_pb_old_content":"","footnotes":""},"class_list":["post-38","page","type-page","status-publish","hentry"],"_links":{"self":[{"href":"https:\/\/arufog.org\/index.php\/wp-json\/wp\/v2\/pages\/38","targetHints":{"allow":["GET"]}}],"collection":[{"href":"https:\/\/arufog.org\/index.php\/wp-json\/wp\/v2\/pages"}],"about":[{"href":"https:\/\/arufog.org\/index.php\/wp-json\/wp\/v2\/types\/page"}],"author":[{"embeddable":true,"href":"https:\/\/arufog.org\/index.php\/wp-json\/wp\/v2\/users\/1"}],"replies":[{"embeddable":true,"href":"https:\/\/arufog.org\/index.php\/wp-json\/wp\/v2\/comments?post=38"}],"version-history":[{"count":14,"href":"https:\/\/arufog.org\/index.php\/wp-json\/wp\/v2\/pages\/38\/revisions"}],"predecessor-version":[{"id":406,"href":"https:\/\/arufog.org\/index.php\/wp-json\/wp\/v2\/pages\/38\/revisions\/406"}],"wp:attachment":[{"href":"https:\/\/arufog.org\/index.php\/wp-json\/wp\/v2\/media?parent=38"}],"curies":[{"name":"wp","href":"https:\/\/api.w.org\/{rel}","templated":true}]}}

Présentation

<p>[et_pb_section fullwidth= »on » specialty= »off » admin_label= »Section »][et_pb_fullwidth_header admin_label= »En-tête plein écran » title= »Présentation » background_layout= »light » text_orientation= »left » header_fullscreen= »off » header_scroll_down= »off » parallax= »off » parallax_method= »off » content_orientation= »center » image_orientation= »center » custom_button_one= »off » button_one_letter_spacing= »0&Prime; button_one_use_icon= »default » button_one_icon_placement= »right » button_one_on_hover= »on » button_one_letter_spacing_hover= »0&Prime; custom_button_two= »off » button_two_letter_spacing= »0&Prime; button_two_use_icon= »default » button_two_icon_placement= »right » button_two_on_hover= »on » button_two_letter_spacing_hover= »0&Prime;]</p>
<p>Présentation ARUFOG<br />
L’ARUFOG, association loi 1901, œuvre depuis 1986 dans le domaine de l’optique guidée et des fibres optiques (télécommunications, très haut débit et applications). L’ARUFOG regroupe l&rsquo;expertise d’entreprises, de laboratoires de recherche et d’établissements d’enseignement afin d’initier l’émergence de nouvelles applications de la fibre optique. Ses initiatives s’inscrivent parfaitement dans le thème photonique des technologies clés génériques (KET) du programme H2020.</p>
<p>Ses missions sont :</p>
<p>Informer, sensibiliser, expliquer : Diffusion en interne aux adhérents et externe auprès des élus et collectivités, en s’intéressant avant tout à la technologie fibre optique, à sa place essentielle dans les enjeux du numérique, mais aussi aux technologies photoniques associées à l’optique guidée.</p>
<p>Communiquer, Mettre en relations – Développer un lieu de convergence des acteurs du ou des domaines concernés : Favoriser par des contacts réguliers, les relations à caractère technique et scientifique entre les laboratoires et industriels adhérents &#8211; Organiser des Journées d’études telles que les journées GO2S, journées thématiques afférentes aux domaines de nos adhérents &#8211; Lettres d’informations &#8211; Veilles technologiques….</p>
<p>Innover : Promouvoir et accompagner l’apparition d’applications issues des technologies émergentes autour de la fibre optique &#8211; Initier et coordonner des programmes de R&amp;D entre industriels et laboratoires afin de concevoir des démonstrateurs et preuves de concepts innovants. Le projet GO2S sur les capteurs s&rsquo;inscrit dans cette mission fondatrice de l&rsquo;ARUFOG.</p>
<p>Soutien et expertise technique – Accompagnement de l’essor de ces nouvelles applications : Assurer un premier niveau d’expertise à contenu scientifique &#8211; Aide aux entreprises. Mise en relation avec les laboratoires de recherche&#8230;</p>
<p>Former, démontrer : Formations continues sur catalogue ou modules de formation spécifiques en entreprise, en télécommunications optiques, en réseaux : de la conception à l’exploitation des réseaux fibres optiques (FTTH), en mesure : OTDR/PMD, des réseaux de capteurs aux capteurs optiques dans les environnements sévères…</p>
<p>&nbsp;</p>
<p>de 1986 à 2016… Et pour le futur, par nature à l&rsquo;interface recherche / industrie</p>
<p>&nbsp;</p>
<p>Conseil d’administration de l’ARUFOG<br />
Président</p>
<p>François-Antoine LERICHE</p>
<p>AXIANS</p>
<p>Présidente Sortante</p>
<p>Anne-Marie JURDYC</p>
<p>Institut Lumière Matière</p>
<p>Présidents Honoraires</p>
<p>André CHAMPAVERE</p>
<p>VIAVI Solutions</p>
<p>Gilles BILLET</p>
<p>IFOTEC</p>
<p>Jean-Pierre GOURE</p>
<p>Professeur émérite, fondateur</p>
<p>Vice-présidents</p>
<p>Bernard LAMBILOTTE</p>
<p>AXIONE</p>
<p>Emmanuel MARIN</p>
<p>Laboratoire Hubert Curien</p>
<p>Dominique WATEL</p>
<p>CREDO</p>
<p>Trésorier</p>
<p>Daniel BROUTIN</p>
<p>Scopelec</p>
<p>Secrétaire</p>
<p>Bernard LAGET</p>
<p>SIEL</p>
<p>Membres</p>
<p>Pierre CHAVEL</p>
<p>Institut d&rsquo;optique</p>
<p>Marc DEMURGER</p>
<p>Light Guide Solutions</p>
<p>Denis GENON-CATALOT</p>
<p>LCIS</p>
<p>Xavier LAFAY</p>
<p>HUBER+SUHNER</p>
<p>Victor LICCHESI</p>
<p>Radiall</p>
<p>[/et_pb_fullwidth_header][/et_pb_section]</p>

<p>[et_pb_section fullwidth= »on » specialty= »off » admin_label= »Section »][et_pb_fullwidth_header admin_label= »En-tête plein écran » title= »Présentation » background_layout= »light » text_orientation= »left » header_fullscreen= »off » header_scroll_down= »off » parallax= »off » parallax_method= »off » content_orientation= »center » image_orientation= »center » custom_button_one= »off » button_one_letter_spacing= »0&Prime; button_one_use_icon= »default » button_one_icon_placement= »right » button_one_on_hover= »on » button_one_letter_spacing_hover= »0&Prime; custom_button_two= »off » button_two_letter_spacing= »0&Prime; button_two_use_icon= »default » button_two_icon_placement= »right » button_two_on_hover= »on » button_two_letter_spacing_hover= »0&Prime;] Présentation ARUFOG L’ARUFOG, association loi 1901, œuvre depuis 1986 dans le domaine de l’optique guidée et des fibres optiques (télécommunications, très haut débit et applications). L’ARUFOG regroupe [&hellip;]</p>
